{"id":92,"date":"2014-05-09T15:25:32","date_gmt":"2014-05-09T15:25:32","guid":{"rendered":"http:\/\/unverzagt.com\/seite\/?page_id=92"},"modified":"2014-12-12T15:07:39","modified_gmt":"2014-12-12T15:07:39","slug":"ralf-peters","status":"publish","type":"page","link":"http:\/\/unverzagt.com\/seite\/autoren\/ralf-peters\/","title":{"rendered":"Dr. Ralf Peters"},"content":{"rendered":"<p>geb. 1964, promovierter Philosoph (Dissertation: \u201eDas Wissen vom Handeln\u201c), mit Schwerpunkt auf Ph\u00e4nomenologie und Analytische Handlungstheorie.<\/p>\n<p>Seit Mitte der neunziger Jahre intensive theoretische und praktische Auseinandersetzung mit der menschlichen Stimme.<\/p>\n<p>T\u00e4tigkeit als Rundfunk- und Nachrichtensprecher (DLF, WDR) seit 1993. Rezitator f\u00fcr Literatur mit einem Schwerpunkt auf Klassik und klassischer Moderne (<a href=\"http:\/\/www.hoerfeld.de\">www.hoerfeld.de<\/a>).<\/p>\n<p>Seit 1995 Arbeit mit dem Roy Hart International Arts Centre (<a href=\"http:\/\/www.roy-hart-theatre.com\">www.roy-hart-theatre.com<\/a>); anerkannter Roy Hart Stimmlehrer. Begleitung von Stimmentwicklungsprozessen f\u00fcr Profis und Laien, Lesecoaching f\u00fcr Autoren.<\/p>\n<p>Stimm- und Performancek\u00fcnstler.<\/p>\n<p>Gr\u00fcnder und Vorsitzender des Vereins stimmfeld e.V. (<a href=\"http:\/\/www.stimmfeld-verein.de\">www.stimmfeld-verein.de<\/a>); Mitbegr\u00fcnder und einer von zwei k\u00fcnstlerischen Leitern des Stimm- und Performance-Ensembles K\u00f6rperSchafftKlang.<\/p>\n<p>Die theoretische Auseinandersetzung mit der Stimme schl\u00e4gt sich nieder in Vortr\u00e4gen, der Organisation von Konferenzen und in Texten: \u201e<a title=\"Ralf Peters: Wege zur Stimme.\" href=\"http:\/\/unverzagt.com\/seite\/verlag\/ralf-peters-wege-zur-stimme-reisen-ins-menschliche-stimmfeld\/\">Wege zur Stimme<\/a>\u201c und \u201e<a title=\"Ralf Peters: Kleines Stimmbuch f\u00fcr alle.\" href=\"http:\/\/unverzagt.com\/seite\/verlag\/ralf-peters-kleines-stimmbuch-fuer-alle\/\">Das kleine Stimmbuch f\u00fcr alle<\/a>\u201c.<\/p>\n<p>Mehr unter <a href=\"http:\/\/www.stimmfeld.de\">www.stimmfeld.de<\/a>!<\/p>\n","protected":false},"excerpt":{"rendered":"<p>geb. 1964, promovierter Philosoph (Dissertation: \u201eDas Wissen vom Handeln\u201c), mit Schwerpunkt auf Ph\u00e4nomenologie und Analytische Handlungstheorie. Seit Mitte der neunziger Jahre intensive theoretische und praktische Auseinandersetzung mit der menschlichen Stimme. T\u00e4tigkeit als Rundfunk- und Nachrichtensprecher (DLF, WDR) seit 1993. Rezitator &hellip; <a href=\"http:\/\/unverzagt.com\/seite\/autoren\/ralf-peters\/\">Weiterlesen <span class=\"meta-nav\">&rarr;<\/span><\/a><\/p>\n","protected":false},"author":1,"featured_media":0,"parent":96,"menu_order":0,"comment_status":"closed","ping_status":"closed","template":"","meta":[],"_links":{"self":[{"href":"http:\/\/unverzagt.com\/seite\/wp-json\/wp\/v2\/pages\/92"}],"collection":[{"href":"http:\/\/unverzagt.com\/seite\/wp-json\/wp\/v2\/pages"}],"about":[{"href":"http:\/\/unverzagt.com\/seite\/wp-json\/wp\/v2\/types\/page"}],"author":[{"embeddable":true,"href":"http:\/\/unverzagt.com\/seite\/wp-json\/wp\/v2\/users\/1"}],"replies":[{"embeddable":true,"href":"http:\/\/unverzagt.com\/seite\/wp-json\/wp\/v2\/comments?post=92"}],"version-history":[{"count":4,"href":"http:\/\/unverzagt.com\/seite\/wp-json\/wp\/v2\/pages\/92\/revisions"}],"predecessor-version":[{"id":177,"href":"http:\/\/unverzagt.com\/seite\/wp-json\/wp\/v2\/pages\/92\/revisions\/177"}],"up":[{"embeddable":true,"href":"http:\/\/unverzagt.com\/seite\/wp-json\/wp\/v2\/pages\/96"}],"wp:attachment":[{"href":"http:\/\/unverzagt.com\/seite\/wp-json\/wp\/v2\/media?parent=92"}],"curies":[{"name":"wp","href":"https:\/\/api.w.org\/{rel}","templated":true}]}}

<p>geb. 1964, promovierter Philosoph (Dissertation: „Das Wissen vom Handeln“), mit Schwerpunkt auf Phänomenologie und Analytische Handlungstheorie.</p>
<p>Seit Mitte der neunziger Jahre intensive theoretische und praktische Auseinandersetzung mit der menschlichen Stimme.</p>
<p>Tätigkeit als Rundfunk- und Nachrichtensprecher (DLF, WDR) seit 1993. Rezitator für Literatur mit einem Schwerpunkt auf Klassik und klassischer Moderne (<a href="http://www.hoerfeld.de">www.hoerfeld.de</a>).</p>
<p>Seit 1995 Arbeit mit dem Roy Hart International Arts Centre (<a href="http://www.roy-hart-theatre.com">www.roy-hart-theatre.com</a>); anerkannter Roy Hart Stimmlehrer. Begleitung von Stimmentwicklungsprozessen für Profis und Laien, Lesecoaching für Autoren.</p>
<p>Stimm- und Performancekünstler.</p>
<p>Gründer und Vorsitzender des Vereins stimmfeld e.V. (<a href="http://www.stimmfeld-verein.de">www.stimmfeld-verein.de</a>); Mitbegründer und einer von zwei künstlerischen Leitern des Stimm- und Performance-Ensembles KörperSchafftKlang.</p>
<p>Die theoretische Auseinandersetzung mit der Stimme schlägt sich nieder in Vorträgen, der Organisation von Konferenzen und in Texten: „<a title="Ralf Peters: Wege zur Stimme." href="http://unverzagt.com/seite/verlag/ralf-peters-wege-zur-stimme-reisen-ins-menschliche-stimmfeld/">Wege zur Stimme</a>“ und „<a title="Ralf Peters: Kleines Stimmbuch für alle." href="http://unverzagt.com/seite/verlag/ralf-peters-kleines-stimmbuch-fuer-alle/">Das kleine Stimmbuch für alle</a>“.</p>
<p>Mehr unter <a href="http://www.stimmfeld.de">www.stimmfeld.de</a>!</p>

<p>geb. 1964, promovierter Philosoph (Dissertation: „Das Wissen vom Handeln“), mit Schwerpunkt auf Phänomenologie und Analytische Handlungstheorie. Seit Mitte der neunziger Jahre intensive theoretische und praktische Auseinandersetzung mit der menschlichen Stimme. Tätigkeit als Rundfunk- und Nachrichtensprecher (DLF, WDR) seit 1993. Rezitator &hellip; <a href="http://unverzagt.com/seite/autoren/ralf-peters/">Weiterlesen <span class="meta-nav">&rarr;</span></a></p>
